it of 1908519?
1
What is the units digit of 1151958?
8
What is the units digit of 1449298?
8
What is the units digit of 5418466?
6
What is the ten thousands digit of 17381959?
8
What is the ten thousands digit of 5833127?
3
What is the ten thousands digit of 5239694?
3
What is the hundred thousands digit of 228550?
2
What is the hundred thousands digit of 17142670?
1
What is the hundred thousands digit of 2184503?
1
What is the hundred thousands digit of 220964?
2
What is the hundred thousands digit of 341739?
3
What is the ten thousands digit of 4529190?
2
What is the hundred thousands digit of 11780889?
7
What is the thousands digit of 244938?
4
What is the hundred thousands digit of 437492?
4
What is the units digit of 489741?
1
What is the tens digit of 12098383?
8
What is the thousands digit of 304754?
4
What is the units digit of 260123?
3
What is the tens digit of 1648657?
5
What is the ten millions digit of 11734335?
1
What is the thousands digit of 4717416?
7
What is the ten thousands digit of 26829925?
2
What is the ten thousands digit of 126222?
2
What is the tens digit of 10541308?
0
What is the thousands digit of 1368599?
8
What is the thousands digit of 158125?
8
What is the units digit of 99937?
7
What is the thousands digit of 3160590?
0
What is the thousands digit of 787301?
7
What is the thousands digit of 3501823?
1
What is the ten thousands digit of 5726203?
2
What is the tens digit of 391013?
1
What is the ten thousands digit of 191776?
9
What is the thousands digit of 25589?
5
What is the hundreds digit of 18541229?
2
What is the hundred thousands digit of 3320519?
3
What is the hundreds digit of 883674?
6
What is the units digit of 11359?
9
What is the millions digit of 27832916?
7
What is the units digit of 28928?
8
What is the ten millions digit of 12087631?
1
What is the thousands digit of 8018196?
8
What is the thousands digit of 152534?
2
What is the hundred thousands digit of 3211567?
2
What is the ten thousands digit of 6518001?
1
What is the hundreds digit of 5447382?
3
What is the millions digit of 3619721?
3
What is the units digit of 273930?
0
What is the tens digit of 41774?
7
What is the millions digit of 5038779?
5
What is the thousands digit of 32299523?
9
What is the thousands digit of 2412979?
2
What is the hundreds digit of 223410?
4
What is the thousands digit of 3190091?
0
What is the thousands digit of 55858?
5
What is the hundreds digit of 1080038?
0
What is the units digit of 380788?
8
What is the thousands digit of 1282944?
2
What is the units digit of 684650?
0
What is the tens digit of 377759?
5
What is the ten thousands digit of 895084?
9
What is the millions digit of 34983121?
4
What is the hundreds digit of 847681?
6
What is the hundreds digit of 1864609?
6
What is the hundred thousands digit of 277941?
2
What is the hundreds digit of 242145?
1
What is the units digit of 1535052?
2
What is the tens digit of 105685?
8
What is the units digit of 270544?
4
What is the thousands digit of 862563?
2
What is the tens digit of 537187?
8
What is the hundred thousands digit of 1518567?
5
What is the thousands digit of 1933830?
3
What is the thousands digit of 4208523?
8
What is the units digit of 636474?
4
What is the hundreds digit of 815011?
0
What is the hundred thousands digit of 514826?
5
What is the units digit of 2092424?
4
What is the hundred thousands digit of 3167375?
1
What is the thousands digit of 440891?
0
What is the hundreds digit of 37307?
3
What is the ten thousands digit of 592008?
9
What is the ten thousands digit of 288737?
8
What is the units digit of 9395055?
5
What is the units digit of 494903?
3
What is the thousands digit of 78476?
8
What is the ten thousands digit of 3333666?
3
What is the tens digit of 11965138?
3
What is the millions digit of 19076842?
9
What is the hundred thousands digit of 6553139?
5
What is the tens digit of 59789?
8
What is the hundred thousands digit of 571981?
5
What is the units digit of 476426?
6
What is the hundreds digit of 310779?
7
What is the hundreds digit of 4388367?
3
What is the units digit of 63618?
8
What is the hundreds digit of 1259483?
4
What is the hundreds digit of 158419?
4
What is the tens digit of 2387632?
3
What is the hundred thousands digit of 1357717?
3
What is the units digit of 3300277?
7
What is the ten thousands digit of 1963341?
6
What is the ten thousands digit of 251117?
5
What is the units digit of 26915?
5
What is the ten thousands digit of 1190111?
9
What is the tens digit of 9212?
1
What is the hundreds digit of 28335?
3
What is the tens digit of 1126892?
9
What is the units digit of 2799604?
4
What is the ten thousands digit of 201314?
0
What is the tens digit of 11720500?
0
What is the ten thousands digit of 15081504?
8
What is the ten thousands digit of 814530?
1
What is the ten millions digit of 21850085?
2
What is the units digit of 250429?
9
What is the hundreds digit of 4763878?
8
What is the units digit of 86233?
3
What is the ten thousands digit of 553187?
5
What is the units digit of 260306?
6
What is the hundreds digit of 2021533?
5
What is the thousands digit of 160197?
0
What is the tens digit of 32195?
9
What is the ten millions digit of 12172746?
1
What is the thousands digit of 344227?
4
What is the hundred thousands digit of 265734?
2
What is the thousands digit of 1728589?
8
What is the ten millions digit of 13408380?
1
What is the thousands digit of 1042511?
2
What is the hundreds digit of 445162?
1
What is the tens digit of 5528676?
7
What is the tens digit of 401360?
6
What is the millions digit of 2986100?
2
What is the hundred thousands digit of 7737640?
7
What is the units digit of 1973?
3
What is the hundred thousands digit of 4770899?
7
What is the ten thousands digit of 754875?
5
What is the hundred thousands digit of 5180783?
1
What is the tens digit of 2943215?
1
What is the hundreds digit of 1371274?
2
What is the ten thousands digit of 369290?
6
What is the millions digit of 3520669?
3
What is the units digit of 143099?
9
What is the millions digit of 2959045?
2
What is the millions digit of 3829890?
3
What is the ten thousands digit of 3583568?
8
What is the ten thousands digit of 160727?
6
What is the hundred thousands digit of 517639?
5
What is the tens digit of 16628272?
7
What is the tens digit of 217124?
2
What is the hundreds digit of 388985?
9
What is the hundred thousands digit of 543141?
5
What is the hundred thousands digit of 357413?
3
What is the hundreds digit of 11690008?
0
What is the ten thousands digit of 794420?
9
What is the ten thousands digit of 859715?
5
What is the millions digit of 8984877?
8
What is the thousands digit of 2533591?
3
What is the thousands digit of 2430428?
0
What is the millions digit of 9194467?
9
What is the ten thousands digit of 1537085?
3
What is the tens digit of 646111?
1
What is the tens digit of 4556407?
0
What is the millions digit of 1054133?
1
What is the tens digit of 11795293?
9
What is the units digit of 1822880?
0
What is the tens digit of 5805619?
1
What is the thousands digit of 253225?
3
What is the thousands digit of 1648896?
8
What is the thousands digit of 606081?
6
What is the tens digit of 564189?
8
What is the hundreds digit of 427888?
8
What is the hundred thousands digit of 881250?
8
What is the ten thousands digit of 279085?
7
What is the hundreds digit of 372071?
0
What is the ten thousands digit of 7139592?
3
What is the tens digit of 5421411?
1
What is the ten thousands digit of 140535?
4
What is the ten thousands digit of 5047762?
4
What is the tens digit of 7233?
3
What is the hundreds digit of 464893?
8
What is the tens digit of 1277785?
8
What is the millions digit of 1221239?
1
What is the hundreds digit of 10304324?
3
What is the units digit of 232320?
0
What is the tens digit of 862388?
8
What is the tens digit of 200565?
6
What is the ten thousands digit of 466061?
6
What is the hundred thousands digit of 303805?
3
What is the units digit of 42099?
9
What is the units digit of 93602?
2
What is the units digit of 4519929?
9
What is the millions digit of 3057342?
3
What is the hundreds digit of 14759406?
4
What is the units digit of 715083?
3
What is the thousands digit of 4946817?
6
What is the millio